and t?
15
Let x = 1055 + -1030. Calculate the greatest common divisor of 23 and x.
1
Let v(r) = 4*r**2 + 20*r + 1. Let o be v(-5). Calculate the greatest common divisor of 131 and o.
1
Let y(h) = h**3 + 3*h**2 + 31*h + 31. Let o be y(-1). Let i(j) = -2 + j + 1 + 0*j + j. Let w be i(3). What is the highest common factor of o and w?
1
Suppose 8567 + 5958 = 35*n. Let k = 433 - n. What is the highest common factor of 108 and k?
18
Suppose -5*k - 13*k = 21*k - 1638. Calculate the highest common factor of 6 and k.
6
Let r(b) = 9003*b + 9107. Let t be r(-1). Let j(c) = -3*c + 4. Let i be j(-4). Calculate the greatest common factor of i and t.
8
Suppose -119*h + 39 = -2341. What is the greatest common factor of h and 380?
20
Suppose 550 = 132*p - 121*p. Calculate the highest common divisor of p and 970.
10
Let k = -378 - -694. Let u = k + -272. Calculate the highest common divisor of u and 198.
22
Suppose -5*x + 4*c + 18 = 6*c, 0 = -2*x - 5*c + 24. Suppose -22 = x*b - 24. Let u = 5 + 8. What is the greatest common divisor of u and b?
1
Let u = -1492 + 3362. Calculate the greatest common divisor of u and 220.
110
Let c(p) = 2*p - 24. Let k be c(9). Let o = 3 - k. Suppose 3*h - o = 6. What is the greatest common divisor of h and 25?
5
Suppose -13*l = -3*l - 140. Let z(m) = -40*m**3 - m - 2. Let k be z(-1). Let i be k/(-91) - ((-4066)/l + 2). What is the greatest common divisor of 24 and i?
24
Let z(y) = 2*y**2 + 18*y - 17. Let n be z(-11). Let v be (6*(-6)/n)/((-44)/858). Calculate the highest common factor of 13 and v.
13
Let d(f) = 9*f - 12. Let a be d(8). Let q = 9550 + -9415. Calculate the highest common divisor of q and a.
15
Let x(t) = 571*t + 99. Suppose -28 = -l - 13*l. Let b be x(l). What is the greatest common factor of 17 and b?
17
Suppose -1974238 = -305*c - 282098. What is the highest common factor of 76 and c?
76
Suppose 903*n + 13949 = 940*n. Calculate the highest common divisor of 4727 and n.
29
Let s be ((-8)/(-44) - 18816/154)*-13*1. What is the highest common factor of s and 13?
13
Let q = 2 - 23. Let m be (q/2)/(7/(-98)). Suppose -4*g - 21 = -x, -2*g + 5*g + 105 = 5*x. Calculate the greatest common factor of x and m.
21
Let t be ((-8)/(-6))/(2/6). Suppose 18*f - 13*f = 1095. Let r = 229 - f. Calculate the greatest common factor of t and r.
2
Let u = -2570 - -2573. Suppose 3*m = k + 2*k + 27, 4*m = k + 45. Calculate the greatest common divisor of m and u.
3
Let a(y) = -y**3 + 36*y**2 - 27*y - 104. Let z be a(35). Calculate the highest common divisor of z and 2024.
88
Let b(r) = 6*r**2 - 8*r + 4. Let k be b(6). Let n(v) = 686*v + 44719. Let y be n(-65). Calculate the greatest common divisor of k and y.
43
Let i be (-254)/2413 + (-224867)/(-19). Calculate the greatest common divisor of 45 and i.
45
Suppose 21*f - 25*f + 132 = 0. Suppose 0 = 14*i + 275 + 313. Let v = i + 141. Calculate the highest common divisor of f and v.
33
Suppose 3*r + 24 = 5*m + 2, 4*m - 15 = 5*r. Suppose 1745 = 5*p + 4*f + f, -p + m*f + 367 = 0. Calculate the highest common divisor of p and 32.
32
Suppose -2*n = -4*n - 4. Let u be n + 29 - 3 - 3. Suppose q + u = 4*a + 6, 4*a + 5 = 5*q. What is the highest common divisor of a and 50?
5
Let j(n) = -n**3 - 4*n**2 - 5*n - 4. Let c be j(-4). Let w be (-611248)/(-10912) + 2/(-124). Calculate the highest common factor of c and w.
8
Let a(u) = -2*u**3 - u**2 + 23*u - 10. Let k be a(-6). Let q = 299 - k. Calculate the greatest common divisor of 459 and q.
51
Let c be 6*(-2)/(-90) - 653752/(-285). Calculate the highest common factor of 74 and c.
74
Suppose y - 3*y = -16. Suppose 0*x - 42 = -14*x. Suppose 3*r - x*p + 20 = 4*r, 4*r - 5*p - 12 = 0. Calculate the highest common factor of y and r.
8
Let h(f) = 8*f**2 - 3*f + 4. Let x be h(-4). Let o = x + 40. Suppose 0 = -5*l - 90 + 205. What is the highest common divisor of o and l?
23
Let y(z) = 4*z**2 + 66*z + 412. Let l be y(-8). Suppose -298 - 2 = -5*s. What is the highest common divisor of s and l?
20
Suppose 4*n = 4, 3*z = z + 2*n + 3268. Let j = z - 723. Calculate the highest common factor of j and 38.
38
Let d be (48/(-30))/(-6*(-8)/(-13440)). Calculate the highest common divisor of 1696 and d.
32
Let n = 98 - 345. Let i = n + 661. Calculate the highest common divisor of 18 and i.
18
Let h(f) = 2*f**2 - 23*f + 33. Let a be h(10). Suppose 2*t + a*j - 168 = 0, -2*j - 168 = -4*t + 2*t. What is the greatest common factor of t and 24?
12
Let o be (-1 + (-32)/2)*-2. Suppose 0 = 161*k - 155*k - 612. What is the greatest common divisor of k and o?
34
Let x be 10 - (-6 + (9 - 5) - 1). What is the highest common factor of 338 and x?
13
Let g = -44 + 43. Let i be 4/16 - (g - 86/8). What is the highest common factor of 204 and i?
12
Suppose -8980 = -24*c - 724. Calculate the greatest common divisor of c and 774.
86
Let x be 646 - (432/(-56) - -8)*(13 + 1). What is the greatest common divisor of 24 and x?
6
Suppose 0 = -51*c + 61*c. Suppose -7*o - 23 + 177 = c. What is the greatest common divisor of 2 and o?
2
Let g(w) = 12*w + 32. Let t be g(6). Let x = -53 + t. Calculate the greatest common factor of x and 204.
51
Suppose i = -i + 8. Suppose -i*p + 41 = -5*s, -4*s = -5*p + 18 + 22. Let t be (-7)/(p/((-32)/4)). Calculate the highest common divisor of 14 and t.
14
Suppose 19*h + 1718 = 10363. Suppose 4*m - 11*m = -h. What is the greatest common divisor of 5 and m?
5
Let r be 11724/5 + (-9 - 1012/(-110)) + 5. Calculate the highest common factor of r and 94.
94
Let n(d) = 4*d + 16. Suppose 3*a + 70 = 4*i, -2*i + 0*a = -3*a - 32. Suppose -15*z - 48 = -i*z. Let u be n(z). What is the highest common divisor of u and 4?
4
Let c(l) = l**3 + 23*l**2 - 327*l - 23. Let a be c(10). What is the greatest common factor of 2 and a?
1
Let n be 1443*5/45 - 45/(-27). What is the greatest common factor of 19926 and n?
162
Suppose 3*x - 1 = 20. Let h = 13 + x. Let c be (-160)/15*(-2 + 6 + -19). Calculate the highest common factor of h and c.
20
Suppose -3*b + 733 = -647. Suppose -4*c - b = -8*u + 5*u, 3*u - 2*c = 452. What is the greatest common divisor of u and 111?
37
Suppose -1710 - 1280 = -5*z + 2*f, -3*z + 1775 = -5*f. What is the highest common factor of 440 and z?
40
Let f be 1 - (-7 + (6 - 14)). Calculate the greatest common factor of 54048 and f.
16
Let a = -9002 + 9165. What is the greatest common factor of 3 and a?
1
Suppose 3*h - u - 1242 - 1166 = 0, -3212 = -4*h + u. What is the highest common divisor of h and 670?
134
Let r(s) = s**3 + 17*s**2 + 24*s - 18. Let b be (-35)/(-2)*(-1)/((-15)/(-12)). Let i be r(b). Calculate the greatest common factor of 18 and i.
18
Let c = 43 + -24. Suppose -17*t + c*t - 50 = 0. What is the greatest common divisor of 75 and t?
25
Let z = -40431 + 47181. Calculate the highest common factor of 36 and z.
18
Let h(z) = -202*z - 467. Let l be h(-22). What is the highest common divisor of 41 and l?
41
Suppose -25*l + 12 = -22*l. Suppose l*g = -8*g + 576. What is the greatest common divisor of g and 12?
12
Let a = -306 - -311. Suppose 0 = j + 2*j + a*p - 304, 4*p - 416 = -4*j. What is the highest common divisor of 162 and j?
54
Suppose 21 = -2*z - 2*m + 863, 3*z + m = 1253. Let t be 0 + (z - 1 - -1). What is the greatest common divisor of t and 32?
32
Suppose -40*g + 41*g = -2*q + 111, -q + 57 = 2*g. What is the highest common divisor of q and 6105?
55
Suppose -89*f + 58*f = -2852. Calculate the highest common factor of 3404 and f.
92
Let a(p) = 3*p**2 + 29*p - 6. Let w be a(-9). Let q = -20 - w. Suppose g - 2*y = 18, 3*g - y - y = 38. What is the highest common factor of g and q?
2
Let i(t) = 3*t - 16. Let c be 2*2 + 4*15/20. Let m be i(c). Suppose 3*k - 310 = -5*a, m*a - 2*k = 198 + 137. What is the highest common factor of 13 and a?
13
Suppose 17*p - 208377 - 290624 = 0. Calculate the highest common divisor of 149 and p.
149
Suppose 0 = 17*g + 22*g - 33189. Calculate the highest common divisor of 407 and g.
37
Let k(f) = 3*f**3 - 57*f**2 + 327*f + 14. Let q be k(9). Calculate the greatest common factor of q and 119.
17
Let n(f) = -f**3 - 3*f**2 - 3*f - 9. Let a be n(-5). Calculate the highest common factor of 2660 and a.
28
Suppose 0 = 2*s + 4*y - 74, 3*s = -4*y + 6*y + 103. Calculate the greatest common factor of s and 84.
7
Suppose 18*h - 18 = 12*h. Suppo